{"id":171,"date":"2017-09-02T14:23:59","date_gmt":"2017-09-02T14:23:59","guid":{"rendered":"http:\/\/kartenkontor.hamburg\/?page_id=171"},"modified":"2025-02-20T20:05:35","modified_gmt":"2025-02-20T20:05:35","slug":"umsetzung","status":"publish","type":"page","link":"https:\/\/kartenkontor.hamburg\/?page_id=171","title":{"rendered":"Umsetzung"},"content":{"rendered":"<p>Sobald ihr mit dem Design eurer Karten zufrieden seid, gehen wir in die Druckphase.<\/p>\n<p>In welchem Verfahren wir f\u00fcr euch drucken, habt ihr in eurem ersten Beratungsgespr\u00e4ch vermutlich schon festgelegt.<\/p>\n<p>Ihr habt die Wahl zwischen Digital-Druck, Off-Set-Druck oder Letterpress. Zudem sind Pr\u00e4gungen eine wundervolle Art, Karten zu veredeln. Dar\u00fcberhinaus fertigen wir im Heissfolien- und Relief-Druck.<\/p>\n<p>Einen genauen Preis k\u00f6nnen wir kalkulieren, sobald wir \u00fcber eure W\u00fcnsche hinsichtlich Papier, Format, Auflage und Druckverfahren gesprochen haben. Rabatte f\u00fcr gr\u00f6\u00dfere Auflagen und f\u00fcr Folgeauftr\u00e4ge sind f\u00fcr uns selbstverst\u00e4ndlich.<\/p>\n","protected":false},"excerpt":{"rendered":"<p>Sobald ihr mit dem Design eurer Karten zufrieden seid, gehen wir in die Druckphase. In welchem Verfahren wir f\u00fcr euch drucken, habt ihr in eurem ersten Beratungsgespr\u00e4ch vermutlich schon festgelegt. Ihr habt die Wahl zwischen Digital-Druck, Off-Set-Druck oder Letterpress. Zudem sind Pr\u00e4gungen eine wundervolle Art, Karten zu veredeln. Dar\u00fcberhinaus fertigen wir im Heissfolien- und Relief-Druck. &hellip; <\/p>\n<p class=\"link-more\"><a href=\"https:\/\/kartenkontor.hamburg\/?page_id=171\" class=\"more-link\"><span class=\"screen-reader-text\">\u201eUmsetzung\u201c <\/span>weiterlesen<\/a><\/p>\n","protected":false},"author":1,"featured_media":0,"parent":0,"menu_order":0,"comment_status":"closed","ping_status":"closed","template":"","meta":{"footnotes":""},"class_list":["post-171","page","type-page","status-publish","hentry"],"aioseo_notices":[],"_links":{"self":[{"href":"https:\/\/kartenkontor.hamburg\/index.php?rest_route=\/wp\/v2\/pages\/171","targetHints":{"allow":["GET"]}}],"collection":[{"href":"https:\/\/kartenkontor.hamburg\/index.php?rest_route=\/wp\/v2\/pages"}],"about":[{"href":"https:\/\/kartenkontor.hamburg\/index.php?rest_route=\/wp\/v2\/types\/page"}],"author":[{"embeddable":true,"href":"https:\/\/kartenkontor.hamburg\/index.php?rest_route=\/wp\/v2\/users\/1"}],"replies":[{"embeddable":true,"href":"https:\/\/kartenkontor.hamburg\/index.php?rest_route=%2Fwp%2Fv2%2Fcomments&post=171"}],"version-history":[{"count":3,"href":"https:\/\/kartenkontor.hamburg\/index.php?rest_route=\/wp\/v2\/pages\/171\/revisions"}],"predecessor-version":[{"id":1693,"href":"https:\/\/kartenkontor.hamburg\/index.php?rest_route=\/wp\/v2\/pages\/171\/revisions\/1693"}],"wp:attachment":[{"href":"https:\/\/kartenkontor.hamburg\/index.php?rest_route=%2Fwp%2Fv2%2Fmedia&parent=171"}],"curies":[{"name":"wp","href":"https:\/\/api.w.org\/{rel}","templated":true}]}}