{"id":227,"date":"2017-09-02T15:37:36","date_gmt":"2017-09-02T15:37:36","guid":{"rendered":"http:\/\/kartenkontor.hamburg\/?page_id=227"},"modified":"2017-09-09T14:14:50","modified_gmt":"2017-09-09T14:14:50","slug":"logos","status":"publish","type":"page","link":"https:\/\/kartenkontor.hamburg\/?page_id=227","title":{"rendered":"Logoentwicklung"},"content":{"rendered":"<p>Ob bei Neugr\u00fcndungen oder einem Relaunch &#8211; wir unterst\u00fctzen Sie bei der Gestaltung ihrer unverwechselbaren Marke.<\/p>\n<p>In der Vergangenheit durften wir f\u00fcr viele EU-Projekte und internationale Unternehmen im europ\u00e4ischen Ausland bei der Entwicklung und Umsetzung der CI mitwirken.<\/p>\n<p>Einige Beispiele unserer \u201egelebten&#8221; Logos finden Sie im Folgenden:<\/p>\n<p>[Best_Wordpress_Gallery id=&#8221;6&#8243; gal_title=&#8221;Logos&#8221;]<\/p>\n","protected":false},"excerpt":{"rendered":"<p>Ob bei Neugr\u00fcndungen oder einem Relaunch &#8211; wir unterst\u00fctzen Sie bei der Gestaltung ihrer unverwechselbaren Marke. In der Vergangenheit durften wir f\u00fcr viele EU-Projekte und internationale Unternehmen im europ\u00e4ischen Ausland bei der Entwicklung und Umsetzung der CI mitwirken. Einige Beispiele unserer \u201egelebten&#8221; Logos finden Sie im Folgenden: [Best_Wordpress_Gallery id=&#8221;6&#8243; gal_title=&#8221;Logos&#8221;]<\/p>\n","protected":false},"author":1,"featured_media":0,"parent":0,"menu_order":0,"comment_status":"closed","ping_status":"closed","template":"","meta":{"footnotes":""},"class_list":["post-227","page","type-page","status-publish","hentry"],"aioseo_notices":[],"_links":{"self":[{"href":"https:\/\/kartenkontor.hamburg\/index.php?rest_route=\/wp\/v2\/pages\/227","targetHints":{"allow":["GET"]}}],"collection":[{"href":"https:\/\/kartenkontor.hamburg\/index.php?rest_route=\/wp\/v2\/pages"}],"about":[{"href":"https:\/\/kartenkontor.hamburg\/index.php?rest_route=\/wp\/v2\/types\/page"}],"author":[{"embeddable":true,"href":"https:\/\/kartenkontor.hamburg\/index.php?rest_route=\/wp\/v2\/users\/1"}],"replies":[{"embeddable":true,"href":"https:\/\/kartenkontor.hamburg\/index.php?rest_route=%2Fwp%2Fv2%2Fcomments&post=227"}],"version-history":[{"count":15,"href":"https:\/\/kartenkontor.hamburg\/index.php?rest_route=\/wp\/v2\/pages\/227\/revisions"}],"predecessor-version":[{"id":368,"href":"https:\/\/kartenkontor.hamburg\/index.php?rest_route=\/wp\/v2\/pages\/227\/revisions\/368"}],"wp:attachment":[{"href":"https:\/\/kartenkontor.hamburg\/index.php?rest_route=%2Fwp%2Fv2%2Fmedia&parent=227"}],"curies":[{"name":"wp","href":"https:\/\/api.w.org\/{rel}","templated":true}]}}